he highest common divisor of u and 238?
14
Let v = 2 + 0. Let r = 6 + v. Let g = -227 - -283. Calculate the highest common divisor of r and g.
8
Let g = -225 + 234. What is the highest common divisor of g and 279?
9
Let s = 48 + -43. Suppose s*m = 2*m + 2*t + 31, t - 1 = 0. What is the greatest common factor of 99 and m?
11
Suppose -63 = 3*l - o + 180, 0 = 4*l + 3*o + 324. Let y = l - -117. What is the greatest common divisor of 48 and y?
12
Let y = 25 - 20. Suppose 0 = -5*c - 20, r - c = -y*c. Let s(k) = -81*k - 1. Let x be s(-1). What is the greatest common divisor of x and r?
16
Let k be (-4 + (6 - -17))*5. Calculate the highest common factor of 323 and k.
19
Let r be (3/(-9) - 0)/((-1)/75). Suppose -5*u + 80 = r. Calculate the highest common factor of 11 and u.
11
Suppose -z - 8*b + 9*b + 26 = 0, -5*z + b + 122 = 0. Calculate the highest common factor of z and 252.
12
Let q be 2/3 + (-3)/(-9). Suppose -y + 1 = -q. Suppose -14*v + 110 + 142 = 0. Calculate the greatest common divisor of y and v.
2
Suppose 2*g - 807 - 121 = 0. Calculate the highest common divisor of 96 and g.
16
Let n(v) = v**3 - 21*v**2 - 71*v - 21. Let s be n(24). What is the greatest common factor of 33 and s?
3
Let l(c) = 335*c**3 + 2*c + 26 - 334*c**3 - 3*c - 19*c**2. Let g be l(19). Calculate the highest common divisor of 21 and g.
7
Let q(j) = 187*j + 4. Suppose 6 = 4*f - f. Let p be q(f). Let o = -225 + p. What is the highest common divisor of 17 and o?
17
Let j be -1 + (-68)/(-60) + 1936/330. Calculate the highest common factor of j and 150.
6
Let f = 371 - 179. What is the highest common factor of 24 and f?
24
Suppose 415 = -2*x - 3*x. Let n = x + 141. Suppose h + 102 = 5*b, 3*b + h - n = -0*b. What is the greatest common divisor of 20 and b?
20
Suppose -3444 = -6*t + 1356. What is the highest common factor of 500 and t?
100
Let u be -1*18*(-18)/4. Let y be -1*(-135)/(-5)*-1. What is the greatest common factor of y and u?
27
Suppose -4*p + 41 = 3*c, -12*c = -9*c + 3*p - 42. What is the highest common divisor of c and 370?
5
Suppose 5*l - 151 - 1184 = -c, 3*l = 4*c - 5409. Suppose -c = 6*m - 11*m. What is the highest common factor of 54 and m?
54
Let p(t) = -t + 5. Let k be p(5). Suppose -o + r = -33, o + 3*r + k*r - 33 = 0. Let d = -13 + o. What is the greatest common divisor of d and 10?
10
Suppose -171 = -2*b - b + 3*k, 5*k + 232 = 4*b. What is the greatest common factor of 2 and b?
1
Let j = -2 + 11. Suppose j*m - 14*m = -110. Calculate the highest common factor of m and 11.
11
Let f = -104 - -62. Let v = f + 90. Calculate the highest common divisor of v and 12.
12
Let r(f) = f**3 + 10*f**2 - 2*f - 10. Let a be r(-10). Let l be 12/20 - 206/a. Let k = 25 + l. What is the highest common factor of k and 45?
5
Suppose -1088 - 312 = -5*q. What is the highest common factor of q and 490?
70
Let p be ((-7)/(-3))/((-1)/(-6)). Let w(i) = -2*i**2 + 35*i - 6. Let j be w(p). Let c be (10/(-40))/((-1)/j). Calculate the highest common divisor of c and 207.
23
Suppose -936 = -5*n + n. Suppose -161*a - 90 = -166*a. What is the greatest common factor of n and a?
18
Let z(u) = u**3 + 5*u**2 + 3*u - 4. Let x be z(-4). Suppose x = 83*j - 82*j - 48. Calculate the greatest common factor of 16 and j.
16
Let c = 144 + -371. Let i = c - -156. Let j = i + 101. What is the greatest common divisor of j and 10?
10
Suppose -10 - 2 = -o - 4*g, 5*g = -3*o + 64. Suppose 545 = -5*a + 1560. Let f = a + -119. What is the highest common divisor of o and f?
28
Let o = 9 + -3. Let x(r) = r**2 - 8*r. Let m be x(o). Let p = -1 - m. What is the highest common divisor of 121 and p?
11
Suppose 0 = 5*p + 3*s + 135, p + 0*s = 3*s - 45. Let v be (3 - (-1)/1)*-1 - p. Let i be (-129)/(-2) + 1/2. What is the highest common factor of i and v?
13
Let u(o) = -o**3 + o**2 - 3*o - 6. Let m be u(-2). Let h be (54/(-21))/((-2)/14). What is the greatest common divisor of m and h?
6
Let c(r) = -1 + 32*r**2 + 2*r + 2 + 2 - 6. Let u be c(1). What is the greatest common divisor of u and 31?
31
Let h = 342 - 297. What is the highest common factor of 15 and h?
15
Suppose -4*s - 3*s = -98. Let n be (-1 - 55)*s/(-8). Calculate the greatest common divisor of n and 14.
14
Let z = -162 - -132. Let t = 15 - z. Calculate the greatest common factor of t and 9.
9
Suppose -6 = 2*n, -11*n - 68 = -x - 15*n. Suppose 2*a - a = -28. Let s be 2/(-7) + (-288)/a. Calculate the highest common divisor of x and s.
10
Suppose 5*u = 3*f - 94, 2*f - 80 = 4*u - 2*f. Let k = u - -18. Let d = -1 + 5. Calculate the highest common divisor of d and k.
1
Suppose -d = c - 2*d - 49, 0 = 4*c + 5*d - 223. Suppose -7*w + 20 = -176. Let f = c - w. Calculate the greatest common divisor of 12 and f.
12
Suppose -5*s + 4256 + 19799 = 0. Calculate the greatest common factor of 17 and s.
17
Let i(t) = 7*t - 2. Let k be i(1). Suppose -k*q + 10*q = 115. Let v(w) = 6*w**2 + 2*w + 2. Let x be v(6). What is the greatest common factor of x and q?
23
Let k(n) = 0*n + 4*n + 15*n. Let g be (-1)/4 + (-5)/(-4). Let j be k(g). Calculate the greatest common factor of 171 and j.
19
Suppose -t = -5*g + 353, t + 155 = 2*g - 4*t. Suppose 2*m = -5*r + 25, 0 = -5*m + 3*r + 2*r + 45. What is the highest common factor of m and g?
10
Suppose 4*g - 84 = 4*j, -5*j + g = 5*g + 105. Let u = j + 25. Let p be 117/2*u/6. Calculate the greatest common factor of p and 13.
13
Suppose 6*r = r + 35. Let j(m) = m**2 - 6*m. Let t be j(r). Suppose d + 3 = t. What is the highest common divisor of 32 and d?
4
Let y(x) = x**3 + 16*x**2 - 5*x - 6. Let b be y(-16). Suppose 0 = 5*v + f - 238 - 77, v - b = 2*f. Calculate the greatest common factor of 32 and v.
32
Let p be (48/(-10))/((-45)/300). Let k be (2 + p)*(1 + 1/2). What is the greatest common divisor of k and 204?
51
Let u = -174 - -251. Let o(q) = 37*q**3 - 2*q + 2. Let v be o(1). Let m = -30 + v. Calculate the greatest common divisor of m and u.
7
Let q be 0 + -2 - (-3 + -12). Suppose -82 + 511 = 3*p. Calculate the greatest common factor of q and p.
13
Suppose 0 = -5*o + 1780 - 9580. Let v = 2418 + o. Let n be v/27 - (-6)/27. Calculate the greatest common factor of n and 32.
32
Suppose -t = -0*f + 3*f - 37, t - 3*f = 55. What is the greatest common divisor of t and 184?
46
Let i(m) = m**3 - 16*m**2 + 2*m - 15. Let d be i(16). Let a be 14/35 - d*28/(-10). What is the greatest common divisor of 32 and a?
16
Suppose 0 = g - 0 - 3. Suppose 0 = -2*c, -3 = -y + g*c + 5. Let p be (-2)/y - 1350/(-24). What is the greatest common factor of 8 and p?
8
Suppose 3*q + 50 = 2*j - 22, 2*j - 124 = 5*q. Let f = -73 + 36. Let s = q - f. Calculate the greatest common divisor of 88 and s.
11
Let n = 1512 + -1464. Let o be 72*(-1 + (-17)/(-3)). What is the highest common factor of n and o?
48
Suppose 2*o = 5*d + 33, 3*o = o - 2*d + 26. What is the highest common divisor of 70 and o?
14
Let k(m) = 36*m**2 - 4*m - 1. Let j be k(2). Suppose 6*a - 4*a - 5*p = -85, 5*a + 3*p = -j. Let f = a - -86. Calculate the greatest common divisor of f and 7.
7
Let r(l) = -l**2 + 4*l. Let i be r(0). Let n be -3 + (1 - i) + (-31 - -71). What is the greatest common factor of 57 and n?
19
Let w(d) = 3*d - 2 - 2*d + 2 + 6. Let k(q) = 1. Let o(f) = -4*k(f) + w(f). Let b be o(6). What is the highest common factor of 16 and b?
8
Let d(m) = 3*m**2 + 20*m - 3. Let r be d(-9). Calculate the greatest common factor of 15 and r.
15
Suppose 2*q - 31 = 33. Let h be (q - -1) + 10/(-10). Calculate the highest common divisor of h and 80.
16
Let d = -6 - -10. Let z be d/(-10)*(-45)/9. Let u be (5 - 1) + z*6. Calculate the greatest common factor of 24 and u.
8
Let i be -3*(1 + 8/(-3)). Suppose 2*k = i*k - 153. Let o(x) = -x**2 - 12*x + 17. Let m be o(-12). What is the highest common factor of k and m?
17
Let z(s) = 2*s**2 + 3*s + 12. Let i be z(0). Calculate the greatest common divisor of 16 and i.
4
Suppose -25 = 4*n - 9*n. Let t = -4 + 4. Let w be n/(-2)*-8 - t. What is the highest common factor of w and 100?
20
Suppose 26*s + 12 = 29*s. Calculate the highest common factor of 22 and s.
2
Suppose -7*i + 2*i = -r - 25, 0 = -r - i + 5. Suppose k + 5 - 13 = r. What is the greatest common factor of 16 and k?
8
Let b(h) = -h**3 - 4*h**2 + 6*h + 5. Let a be b(-5). Let i = 18 + a. Let g(j) = j**2 - 5*j - 5. Let